{"id":295,"date":"2017-07-31T08:29:59","date_gmt":"2017-07-31T08:29:59","guid":{"rendered":"http:\/\/art.dirkrathke.de\/?page_id=295"},"modified":"2018-04-03T10:49:09","modified_gmt":"2018-04-03T10:49:09","slug":"dirk-rathke-malerei-jens-trimpin-skulptur-mannheim-2017","status":"publish","type":"page","link":"http:\/\/art.dirkrathke.de\/?page_id=295","title":{"rendered":"Dirk Rathke, Malerei &#8211; Jens Trimpin, Skulptur; Mannheim, 2017"},"content":{"rendered":"<header class=\"csc-header csc-header-n5\">\n<h1><\/h1>\n<\/header>\n<div class=\"csc-textpic-text\">\n<p>11. M\u00e4rz &#8211; 22. April 2017<\/p>\n<p><a href=\"http:\/\/art.dirkrathke.de\/wp-content\/uploads\/2018\/04\/2017fath1.jpg\"><img loading=\"lazy\" decoding=\"async\" class=\"alignnone size-medium wp-image-436\" src=\"http:\/\/art.dirkrathke.de\/wp-content\/uploads\/2018\/04\/2017fath1-300x203.jpg\" alt=\"\" width=\"300\" height=\"203\" srcset=\"http:\/\/art.dirkrathke.de\/wp-content\/uploads\/2018\/04\/2017fath1-300x203.jpg 300w, http:\/\/art.dirkrathke.de\/wp-content\/uploads\/2018\/04\/2017fath1-768x520.jpg 768w, http:\/\/art.dirkrathke.de\/wp-content\/uploads\/2018\/04\/2017fath1.jpg 945w\" sizes=\"auto, (max-width: 300px) 100vw, 300px\" \/><\/a><\/p>\n<p><a href=\"http:\/\/art.dirkrathke.de\/wp-content\/uploads\/2018\/04\/2017fath2.jpg\"><img loading=\"lazy\" decoding=\"async\" class=\"alignnone size-medium wp-image-437\" src=\"http:\/\/art.dirkrathke.de\/wp-content\/uploads\/2018\/04\/2017fath2-300x198.jpg\" alt=\"\" width=\"300\" height=\"198\" srcset=\"http:\/\/art.dirkrathke.de\/wp-content\/uploads\/2018\/04\/2017fath2-300x198.jpg 300w, http:\/\/art.dirkrathke.de\/wp-content\/uploads\/2018\/04\/2017fath2-768x508.jpg 768w, http:\/\/art.dirkrathke.de\/wp-content\/uploads\/2018\/04\/2017fath2.jpg 1000w\" sizes=\"auto, (max-width: 300px) 100vw, 300px\" \/><\/a><\/p>\n<p>Er\u00f6ffnung: 11. M\u00e4rz 2017, 18 Uhr<\/p>\n<p>Sebastian Fath | Contemporary<br \/>\nWERDERSTR. 38<br \/>\n68165 Mannheim<br \/>\n<a class=\"external-link-new-window\" title=\"Opens external link in new window\" href=\"http:\/\/www.fath-contemporary.de\/\" target=\"_blank\" rel=\"noopener\">www.fath-contemporary.de<\/a><\/p>\n<\/div>\n","protected":false},"excerpt":{"rendered":"<p>11. M\u00e4rz &#8211; 22. April 2017 Er\u00f6ffnung: 11. M\u00e4rz 2017, 18 Uhr Sebastian Fath | Contemporary WERDERSTR. 38 68165 Mannheim www.fath-contemporary.de<\/p>\n","protected":false},"author":1,"featured_media":0,"parent":22,"menu_order":0,"comment_status":"closed","ping_status":"closed","template":"","meta":{"footnotes":""},"class_list":["post-295","page","type-page","status-publish","hentry"],"_links":{"self":[{"href":"http:\/\/art.dirkrathke.de\/index.php?rest_route=\/wp\/v2\/pages\/295","targetHints":{"allow":["GET"]}}],"collection":[{"href":"http:\/\/art.dirkrathke.de\/index.php?rest_route=\/wp\/v2\/pages"}],"about":[{"href":"http:\/\/art.dirkrathke.de\/index.php?rest_route=\/wp\/v2\/types\/page"}],"author":[{"embeddable":true,"href":"http:\/\/art.dirkrathke.de\/index.php?rest_route=\/wp\/v2\/users\/1"}],"replies":[{"embeddable":true,"href":"http:\/\/art.dirkrathke.de\/index.php?rest_route=%2Fwp%2Fv2%2Fcomments&post=295"}],"version-history":[{"count":2,"href":"http:\/\/art.dirkrathke.de\/index.php?rest_route=\/wp\/v2\/pages\/295\/revisions"}],"predecessor-version":[{"id":438,"href":"http:\/\/art.dirkrathke.de\/index.php?rest_route=\/wp\/v2\/pages\/295\/revisions\/438"}],"up":[{"embeddable":true,"href":"http:\/\/art.dirkrathke.de\/index.php?rest_route=\/wp\/v2\/pages\/22"}],"wp:attachment":[{"href":"http:\/\/art.dirkrathke.de\/index.php?rest_route=%2Fwp%2Fv2%2Fmedia&parent=295"}],"curies":[{"name":"wp","href":"https:\/\/api.w.org\/{rel}","templated":true}]}}

<header class="csc-header csc-header-n5">
<h1></h1>
</header>
<div class="csc-textpic-text">
<p>11. März &#8211; 22. April 2017</p>
<p><a href="http://art.dirkrathke.de/wp-content/uploads/2018/04/2017fath1.jpg"><img loading="lazy" decoding="async" class="alignnone size-medium wp-image-436" src="http://art.dirkrathke.de/wp-content/uploads/2018/04/2017fath1-300x203.jpg" alt="" width="300" height="203" srcset="http://art.dirkrathke.de/wp-content/uploads/2018/04/2017fath1-300x203.jpg 300w, http://art.dirkrathke.de/wp-content/uploads/2018/04/2017fath1-768x520.jpg 768w, http://art.dirkrathke.de/wp-content/uploads/2018/04/2017fath1.jpg 945w" sizes="auto, (max-width: 300px) 100vw, 300px" /></a></p>
<p><a href="http://art.dirkrathke.de/wp-content/uploads/2018/04/2017fath2.jpg"><img loading="lazy" decoding="async" class="alignnone size-medium wp-image-437" src="http://art.dirkrathke.de/wp-content/uploads/2018/04/2017fath2-300x198.jpg" alt="" width="300" height="198" srcset="http://art.dirkrathke.de/wp-content/uploads/2018/04/2017fath2-300x198.jpg 300w, http://art.dirkrathke.de/wp-content/uploads/2018/04/2017fath2-768x508.jpg 768w, http://art.dirkrathke.de/wp-content/uploads/2018/04/2017fath2.jpg 1000w" sizes="auto, (max-width: 300px) 100vw, 300px" /></a></p>
<p>Eröffnung: 11. März 2017, 18 Uhr</p>
<p>Sebastian Fath | Contemporary<br />
WERDERSTR. 38<br />
68165 Mannheim<br />
<a class="external-link-new-window" title="Opens external link in new window" href="http://www.fath-contemporary.de/" target="_blank" rel="noopener">www.fath-contemporary.de</a></p>
</div>

<p>11. März &#8211; 22. April 2017 Eröffnung: 11. März 2017, 18 Uhr Sebastian Fath | Contemporary WERDERSTR. 38 68165 Mannheim www.fath-contemporary.de</p>
