{"id":22,"date":"2017-07-23T09:51:23","date_gmt":"2017-07-23T09:51:23","guid":{"rendered":"http:\/\/art.dirkrathke.de\/?page_id=22"},"modified":"2026-02-02T12:29:13","modified_gmt":"2026-02-02T12:29:13","slug":"einzelausstellungen","status":"publish","type":"page","link":"http:\/\/art.dirkrathke.de\/?page_id=22","title":{"rendered":"Einzelausstellungen"},"content":{"rendered":"<p>2022<br \/>\nSebastian Fath | Contemporary, Mannheim<br \/>\nComing together, Semjon Contemporary, Berlin<\/p>\n<p>2021<\/p>\n<p><a href=\"http:\/\/art.dirkrathke.de\/?page_id=729\">Gold Rush<\/a>, Gallery Sonja Roesch, Houston<\/p>\n<p>2020<\/p>\n<p>Konkave Formen antworten auf konvexe (mit Joachim Jurgelucks),<br \/>\nGallery artpark, Karlsruhe<\/p>\n<p><a href=\"http:\/\/art.dirkrathke.de\/?page_id=691\">Forbidden Colours<\/a> (mit Dittmar Danner aka Kr\u00fcger),<br \/>\nDeutsche Werkst\u00e4tten Hellerau, Dresden<\/p>\n<p>2019<br \/>\n<a href=\"http:\/\/art.dirkrathke.de\/?page_id=593\">Curves \u2013 Neue Arbeiten und Installationen<\/a>\u00a0(mit Thomas Prochnow),<br \/>\nSemjon Contemporary, Berlin<\/p>\n<p><a href=\"http:\/\/art.dirkrathke.de\/?page_id=643\">Sille Dimensionen<\/a>, Galerie Corona Unger, Bremen,\u00a0(mit Edda Jachens)<\/p>\n<p>2018<\/p>\n<p><a href=\"http:\/\/art.dirkrathke.de\/?p=516\">Multiples und Unikate<\/a>, edition und schauraum multipleart, Z\u00fcrich<\/p>\n<p><a href=\"http:\/\/art.dirkrathke.de\/?p=381\">Neue Objekte und Faltungen<\/a>, Galerie Tristan Lorenz, Frankfurt\/M.<\/p>\n<p>2017<\/p>\n<p><a href=\"http:\/\/art.dirkrathke.de\/?page_id=304\">Malerei und Faltung<\/a>,\u00a0Semjon Contemporary, Berlin<\/p>\n<p><a href=\"http:\/\/art.dirkrathke.de\/?page_id=295\">Dirk Rathke, Malerei &#8211; Jens Trimpin, Skulptur<\/a>,\u00a0Sebastian Fath | Contemporary, Mannheim<\/p>\n<p>2016<\/p>\n<p><a href=\"http:\/\/art.dirkrathke.de\/?page_id=279\">Foldings<\/a>, Gallery Sonja Roesch, Houston<\/p>\n<p><a href=\"http:\/\/art.dirkrathke.de\/?page_id=288\">3 x solo<\/a>, Semjon Contemporary, Berlin<\/p>\n<p>2015<\/p>\n<p><a href=\"http:\/\/art.dirkrathke.de\/?page_id=245\">New works &#8211; metals<\/a>, Sebastian Fath | Contemporary, Mannheim<\/p>\n<p><a href=\"http:\/\/art.dirkrathke.de\/?page_id=252\">Malerei und Objekte<\/a> (mit Nikola Richard), HAUSER HOFMANN Kunst-Art-Arte @ Tramh\u00fcsli Rehalp, Z\u00fcrich<\/p>\n<p>2014<\/p>\n<p>Dialog by Invitation (with Rainer Splitt), Semjon Contemporary, Berlin<\/p>\n<p>2013<\/p>\n<p><a href=\"http:\/\/art.dirkrathke.de\/?page_id=201\">Randerscheinung<\/a>, Semjon Contemporary, Berlin<\/p>\n<p>2012<\/p>\n<p><a href=\"http:\/\/art.dirkrathke.de\/?page_id=220\">Bild + Objekt<\/a>, Galerie Anne Voss, Dortmund<br \/>\n<a href=\"http:\/\/art.dirkrathke.de\/?page_id=224\">Endearing the Line<\/a>, Gallery Sonja Roesch, Houston\/TX &#8211; USA<\/p>\n<p>2011<\/p>\n<p>Andr\u00e1s G\u00e1l \u00e9s Dirk Rathke, Galerie B55, Budapest<\/p>\n<p>2010<\/p>\n<p>Curved Canvases, Gallery Sonja Roesch, Houston\/TX &#8211; USA<\/p>\n<p>2009<\/p>\n<p>Dirk Rathke | Kai Richter, SEBASTIAN FATH | CONTEMPORARY, Mannheim<\/p>\n<p>2008<\/p>\n<p>Bildobjekte, Malerei und Zeichnung, Hauser und Hofmann Kunst-Art-Arte, Thayngen\/Schweiz (Katalog)<br \/>\nWall Objects, Gallery Terashita, Tokyo<\/p>\n<p>2007<\/p>\n<p>COLORADO (mit Rolf Rose), Gesellschaft f\u00fcr Kunst und Gestaltung, Bonn<br \/>\nRoomdrawing for Houston and Wall Objects, Gallery Sonja Roesch, Houston\/TX &#8211; USA<\/p>\n<p>2006<\/p>\n<p>Raumzeichnung f\u00fcr Neuherberg, GSF &#8211; Forschungszentrum Neuherberg (Katalog)<br \/>\nNeue Bildobjekte, Galerie Carmen Weber, Zug\/Schweiz<br \/>\nMuseum Haus Ludwig, Saarlouis \/ Galerie Walzinger, Saarlouis<\/p>\n<p>2005<\/p>\n<p>dialogue series #6 (mit Hartmut B\u00f6hm), Galerie Markus Richter, Berlin<br \/>\nBildobjekte, Galerie Stefanie Seidl im Atelierhaus Hermann Rosa, M\u00fcnchen<br \/>\nbeiderseits (mit Ruth Baumann), Deutsche Werkst\u00e4tten Hellerau, Dresden<\/p>\n<p>2004<\/p>\n<p>Bildobjekte und Wandzeichnung, Art Studio1, Deinste<br \/>\nM\u00f6glichkeiten, Galerie Voss, Dortmund<\/p>\n<p>2003<\/p>\n<p>Wandzeichnung f\u00fcr die Halle und neue Bildobjekte, Mies-van-der-Rohe-Haus, Berlin<\/p>\n<p>2001<\/p>\n<p>moving changing thinking, Galerie Markus Richter, Berlin (Katalog)<\/p>\n<p>2000<\/p>\n<p>Raumzeichnung 2, Galerie Markus Richter, Berlin<\/p>\n","protected":false},"excerpt":{"rendered":"<p>2022 Sebastian Fath | Contemporary, Mannheim Coming together, Semjon Contemporary, Berlin 2021 Gold Rush, Gallery Sonja Roesch, Houston 2020 Konkave Formen antworten auf konvexe (mit Joachim Jurgelucks), Gallery artpark, Karlsruhe Forbidden Colours (mit Dittmar Danner aka Kr\u00fcger), Deutsche Werkst\u00e4tten Hellerau, Dresden 2019 Curves \u2013 Neue Arbeiten und Installationen\u00a0(mit Thomas Prochnow), Semjon Contemporary, Berlin Sille Dimensionen, &hellip; <\/p>\n<p class=\"link-more\"><a href=\"http:\/\/art.dirkrathke.de\/?page_id=22\" class=\"more-link\"><span class=\"screen-reader-text\">\u201eEinzelausstellungen\u201c <\/span>weiterlesen<\/a><\/p>\n","protected":false},"author":1,"featured_media":0,"parent":21,"menu_order":0,"comment_status":"closed","ping_status":"closed","template":"","meta":{"footnotes":""},"class_list":["post-22","page","type-page","status-publish","hentry"],"_links":{"self":[{"href":"http:\/\/art.dirkrathke.de\/index.php?rest_route=\/wp\/v2\/pages\/22","targetHints":{"allow":["GET"]}}],"collection":[{"href":"http:\/\/art.dirkrathke.de\/index.php?rest_route=\/wp\/v2\/pages"}],"about":[{"href":"http:\/\/art.dirkrathke.de\/index.php?rest_route=\/wp\/v2\/types\/page"}],"author":[{"embeddable":true,"href":"http:\/\/art.dirkrathke.de\/index.php?rest_route=\/wp\/v2\/users\/1"}],"replies":[{"embeddable":true,"href":"http:\/\/art.dirkrathke.de\/index.php?rest_route=%2Fwp%2Fv2%2Fcomments&post=22"}],"version-history":[{"count":28,"href":"http:\/\/art.dirkrathke.de\/index.php?rest_route=\/wp\/v2\/pages\/22\/revisions"}],"predecessor-version":[{"id":1320,"href":"http:\/\/art.dirkrathke.de\/index.php?rest_route=\/wp\/v2\/pages\/22\/revisions\/1320"}],"up":[{"embeddable":true,"href":"http:\/\/art.dirkrathke.de\/index.php?rest_route=\/wp\/v2\/pages\/21"}],"wp:attachment":[{"href":"http:\/\/art.dirkrathke.de\/index.php?rest_route=%2Fwp%2Fv2%2Fmedia&parent=22"}],"curies":[{"name":"wp","href":"https:\/\/api.w.org\/{rel}","templated":true}]}}